221?
5948221
List the prime factors of 4800342.
2, 3, 800057
List the prime factors of 64023.
3, 21341
What are the prime factors of 145900?
2, 5, 1459
List the prime factors of 26049820.
2, 5, 1302491
List the prime factors of 10272926.
2, 5136463
List the prime factors of 1617975.
3, 5, 17, 47
What are the prime factors of 5742753?
3, 17, 112603
List the prime factors of 227010.
2, 3, 5, 7, 23, 47
List the prime factors of 72259.
11, 6569
What are the prime factors of 784742?
2, 7, 56053
List the prime factors of 21221954.
2, 13, 127, 6427
List the prime factors of 14018.
2, 43, 163
What are the prime factors of 213192?
2, 3, 7, 47
List the prime factors of 902703.
3, 239, 1259
List the prime factors of 185691.
3, 11, 17, 331
List the prime factors of 6426270.
2, 3, 5, 23801
What are the prime factors of 510192?
2, 3, 1181
List the prime factors of 578677.
11, 31, 1697
List the prime factors of 133894.
2, 66947
What are the prime factors of 149969?
149969
What are the prime factors of 7234587?
3, 653, 1231
What are the prime factors of 7659319?
1009, 7591
What are the prime factors of 411281?
13, 17, 1861
List the prime factors of 620704.
2, 7, 17, 163
List the prime factors of 171369.
3, 11, 577
List the prime factors of 12529695.
3, 5, 835313
What are the prime factors of 16482176?
2, 128767
What are the prime factors of 175151?
17, 10303
What are the prime factors of 2566965?
3, 5, 171131
What are the prime factors of 39280?
2, 5, 491
List the prime factors of 4683326.
2, 29, 80747
What are the prime factors of 884073?
3, 61, 4831
What are the prime factors of 1368025?
5, 54721
What are the prime factors of 12949929?
3, 269, 1783
What are the prime factors of 551588?
2, 73, 1889
What are the prime factors of 242332?
2, 47, 1289
List the prime factors of 499000.
2, 5, 499
What are the prime factors of 9158985?
3, 5, 11, 18503
List the prime factors of 673558.
2, 307, 1097
What are the prime factors of 4803775?
5, 17, 89, 127
What are the prime factors of 1356367?
229, 5923
List the prime factors of 21767799.
3, 1049, 6917
List the prime factors of 854954.
2, 427477
What are the prime factors of 295325?
5, 11813
What are the prime factors of 28413235?
5, 5682647
List the prime factors of 910443.
3, 157, 1933
List the prime factors of 42786.
2, 3, 2377
List the prime factors of 2030325.
3, 5, 11, 23, 107
List the prime factors of 278013.
3, 92671
What are the prime factors of 15823033?
59, 373, 719
What are the prime factors of 8695217?
19, 457643
List the prime factors of 408736.
2, 53, 241
What are the prime factors of 1066557?
3, 355519
List the prime factors of 9971862.
2, 3, 1661977
What are the prime factors of 6458120?
2, 5, 161453
List the prime factors of 322952.
2, 7, 73, 79
What are the prime factors of 2066611?
19, 108769
What are the prime factors of 2431736?
2, 43, 7069
What are the prime factors of 32192999?
691, 46589
List the prime factors of 10634933.
10634933
List the prime factors of 14281454.
2, 11, 649157
What are the prime factors of 81650?
2, 5, 23, 71
List the prime factors of 1618284.
2, 3, 134857
List the prime factors of 408565.
5, 41, 1993
List the prime factors of 1806093.
3, 73, 2749
List the prime factors of 1034641.
719, 1439
What are the prime factors of 5210515?
5, 1042103
What are the prime factors of 146500?
2, 5, 293
List the prime factors of 6717287.
47, 131, 1091
What are the prime factors of 627798?
2, 3, 19, 5507
List the prime factors of 4567695.
3, 5, 11, 19, 31, 47
What are the prime factors of 38834?
2, 19417
What are the prime factors of 248313?
3, 13, 6367
What are the prime factors of 23382173?
3539, 6607
List the prime factors of 1005143.
1005143
List the prime factors of 9672.
2, 3, 13, 31
List the prime factors of 347811.
3, 191, 607
What are the prime factors of 1941629?
19, 102191
List the prime factors of 920428.
2, 230107
What are the prime factors of 1216979?
17, 4211
What are the prime factors of 4492242?
2, 3, 103, 2423
List the prime factors of 354326.
2, 7, 25309
List the prime factors of 81940.
2, 5, 17, 241
What are the prime factors of 15346766?
2, 7673383
What are the prime factors of 11797470?
2, 3, 5, 47, 2789
What are the prime factors of 3334?
2, 1667
List the prime factors of 19932068.
2, 13, 41, 9349
What are the prime factors of 5927949?
3, 709, 929
What are the prime factors of 989157?
3, 13, 1951
What are the prime factors of 124111?
13, 9547
List the prime factors of 42834017.
53, 61, 13249
What are the prime factors of 556149?
3, 11, 19, 887
List the prime factors of 9075580.
2, 5, 43, 61, 173
List the prime factors of 4986076.
2, 599, 2081
What are the prime factors of 23804?
2, 11, 541
What are the prime factors of 7806890?
2, 5, 7, 13, 23, 373
What are the prime factors of 3865653?
3, 11, 39047
What are the prime factors of 1270194?
2, 3, 31, 6829
What are the prime factors of 30281?
107, 283
What are the prime factors of 12602?
2, 6301
What are the prime factors of 5083860?
2, 3, 5, 84731
What are the prime factors of 71132?
2, 17783
What are the prime factors of 408308?
2, 102077
List the prime factors of 2446182.
2, 3, 135899
List the prime factors of 21207.
3, 7069
List the prime factors of 4276126.
2, 211, 10133
What are the prime factors of 3478004?
2, 869501
List the prime factors of 756384.
2, 3, 7879
What are the prime factors of 260502?
2, 3, 11, 3947
List the prime factors of 23794966.
2, 13, 915191
What are the prime factors of 13815281?
29, 449, 1061
What are the prime factors of 13366892?
2, 7, 11, 43399
What are the prime factors of 393355?
5, 151, 521
What are the prime factors of 2695578?
2, 3, 449263
List the prime factors of 2545296.
2, 3, 13, 4079
What are the prime factors of 25253701?
11, 23, 99817
List the prime factors of 10079775.
3, 5, 109, 137
What are the prime factors of 185749?
185749
List the prime factors of 6698712.
2, 3, 43, 6491
List the prime factors of 11863863.
3, 11, 293, 409
What are the prime factors of 65779?
7, 9397
What are the prime factors of 78981?
3, 7, 3761
What are the prime factors of 218375?
5, 1747
List the prime factors of 1131354.
2, 3, 7, 41, 73
What are the prime factors of 4466699?
17, 262747
What are the prime factors of 496582?
2, 248291
What are the prime factors of 191935?
5, 23, 1669
List the prime factors of 190810.
2, 5, 19081
What are the prime factors of 1054961?
31, 34031
List the prime factors of 237734.
2, 7, 16981
List the prime factors of 3429313.
31, 110623
What are the prime factors of 8652507?
3, 17, 169657
List the prime factors of 778950.
2, 3, 5, 577
List the prime factors of 6717891.
3, 41, 54617
List the prime factors of 1320914.
2, 7, 94351
List the prime factors of 19878319.
19878319
What are the prime factors of 198300?
2, 3, 5, 661
What are the prime factors of 139288?
2, 23, 757
What are the prime factors of 2432905?
5, 491, 991
List the prime factors of 1320616.
2, 11, 43, 349
List the prime factors of 1035359.
13, 73, 1091
What are the prime factors of 5457526?
2, 2728763
List the prime factors of 3569492.
2, 19, 67, 701
List the prime factors of 1276628.
2, 179, 1783
What are the prime factors of 1122300?
2, 3, 5, 29, 43
List the prime factors of 4946811.
3, 67, 24611
What are the prime factors of 8847506?
2, 193, 22921
List the prime factors of 289729.
11, 26339
List the prime factors of 583855.
5, 23, 5077
List the prime factors of 503320.
2, 5, 12583
What are the prime factors of 137183?
137183
List the prime factors of 164373.
3, 11, 17, 293
List the prime factors of 2851498.
2, 13, 109673
List the prime factors of 1255097.
31, 40487
List the prime factors of 262430.
2, 5, 7, 23, 163
What are the prime factors of 10907273?
13, 19, 44159
What are the prime factors of 499410?
2, 3, 5, 31, 179
List the prime factors of 6796919.
6796919
What are the prime factors of 12748554?
2, 3, 7, 13, 43, 181
What are the prime factors of 42000?
2, 3, 5, 7
What are the prime factors of 46506?
2, 3, 23, 337
What are the prime factors of 5616622?
2, 11, 53, 4817
List the prime factors of 2597941.
173, 15017
What are the prime factors of 16528411?
1613, 10247
What are the prime factors of 81316?
2, 29, 701
What are the prime factors of 29000?
2, 5, 29
List the prime factors of 8423857.
13